 -1 + -2 - (-72 + 9 + 0). What is the greatest common factor of 20 and s?
20
Suppose -51 - 417 = -13*c. Suppose 0*l + 2*l - 24 = 0. Calculate the highest common divisor of c and l.
12
Let o be (-2)/(8/210)*-18. Suppose 3*i - o = -4*i. Suppose k + 4*k - 5*q - 60 = 0, -k + 3*q + 6 = 0. Calculate the highest common divisor of i and k.
15
Suppose 0 = -2*b + 3*k + 32, -5*b + 6*b - 16 = -k. Suppose f = u - 11, -66 = -2*u - 5*f - b. What is the greatest common divisor of u and 135?
15
Let g be (-93)/12 - (-2)/(-8). Let t = g + 9. Let z be -6*(t - (-21)/(-6)). What is the greatest common divisor of 135 and z?
15
Let x(h) = -h**2 - 21*h + 45. Let t be x(-22). Suppose -1260 = -5*z + b + 4*b, -2*b - 757 = -3*z. Calculate the greatest common divisor of t and z.
23
Let l(o) = -3*o**2 + 8 + 9 - 9*o + 4*o**2. Let x be l(10). What is the highest common factor of 18 and x?
9
Let t be 63/4 - (-1)/4. Suppose -14*r + 544 = 54*r. Calculate the highest common divisor of r and t.
8
Let r(t) = t**3 + 17*t**2 - 2*t - 22. Let b be r(-11). Suppose -b = -4*d + d. Calculate the greatest common factor of 22 and d.
22
Suppose -p - 11 - 22 = 0. Let c = p - -23. Let i be c/(3/(78/(-4))). What is the greatest common factor of i and 13?
13
Suppose 3*r - 7*r + 20 = 0. Suppose 0 = -4*y + z + 223, -2*y - r*z + 2*z = -115. Calculate the greatest common divisor of y and 8.
8
Let r = 34 - -11. Let h(f) = -10*f**2 + 2*f**2 + 7*f**2 + 11*f - 10. Let t be h(7). What is the highest common factor of r and t?
9
Let v be ((-2)/3)/((-5)/15). Let b be 5*3 + (v - 5). Let a be 0 + b/(-3) - -19. Calculate the highest common factor of a and 15.
15
Let b(u) = -u**3 - 14*u**2 + 18*u + 73. Let g be b(-15). Calculate the highest common factor of 24 and g.
4
Let l(n) = 4*n**2 + 145*n + 41. Let m be l(-42). What is the greatest common factor of m and 53?
53
Let p(x) = 2*x**2 - 33*x - 37. Let b(z) = -3*z**2 + 49*z + 56. Let y(h) = -5*b(h) - 7*p(h). Let n be y(17). Calculate the greatest common divisor of 20 and n.
10
Let v(n) = n**2 - 8*n + 18. Let c be v(5). Suppose -c*s - 3*x = -6*x - 66, 2*x = s - 26. What is the greatest common divisor of s and 9?
9
Suppose -512 = -12*g + 148. Calculate the greatest common factor of 231 and g.
11
Let b be (-1 - -86) + (-8)/4. Suppose 4*y - 9 = b. Calculate the highest common factor of 23 and y.
23
Suppose 2*v - 4 = 3*r, -3*v - r + 10 = -18. Let a(o) = 11*o + 12. Let l be a(v). What is the highest common factor of 40 and l?
20
Let d be (-6)/9*(-33)/2. Let m be (-4)/8 - 45/(-10). Suppose -5*p = -4*p - t - 31, -p + m*t + 25 = 0. What is the greatest common divisor of p and d?
11
Let a(u) = 5*u**2 + 12*u - 48. Let c be a(-14). Suppose -9*r + c + 190 = 0. Calculate the greatest common divisor of 159 and r.
53
Let g = 22 - 21. Suppose v + g = 2*r + 8, r - 19 = -4*v. Let b(a) = -a**3 + 6*a**2 + 9*a - 4. Let w be b(7). Calculate the greatest common factor of w and v.
5
Let r(a) = 13*a**2 + 3*a + 2. Let s be r(-2). Let k = 13 + -1. Calculate the highest common factor of k and s.
12
Let b(i) = i**2 - 25*i + 98. Let m be b(4). What is the greatest common divisor of m and 126?
14
Suppose -5*l + 10 = -0*l. Suppose -n - 217 = -l*n. What is the highest common factor of n and 31?
31
Let c be ((-4)/14 - 80/(-84))*6. Suppose a = c + 13. What is the greatest common divisor of a and 187?
17
Let h be ((6 - 0) + -6)*(-1)/2. Let m(c) = c**3 + c**2 + 10. Let i be m(h). Let g be -1*8*55/(-4). Calculate the highest common divisor of g and i.
10
Let r = 3 + -21. Let y = 178 - 139. Let i = y + r. Calculate the greatest common divisor of i and 7.
7
Let c = 44 + -40. Suppose -9*y = -c*y - 20. Calculate the greatest common divisor of 4 and y.
4
Let l be 5/3*(4 + -1). Let v = l - 8. Let k be v/(0 - (-3)/(-17)). Calculate the highest common divisor of k and 68.
17
Suppose -2*v + 12 = -18. Let l(z) = z**2 - 4*z + 9. Let n be l(7). Suppose 0 = 2*s - 3*s + n. What is the highest common factor of s and v?
15
Let s be -2*(-2)/(4/2). Suppose -22 = -s*l - 3*z - 2*z, 0 = -5*l - 4*z + 72. Suppose 5*q - 2*q - 48 = 0. Calculate the greatest common divisor of l and q.
16
Let o = -888 - -926. Let d = -2 + 4. What is the greatest common factor of o and d?
2
Let x(d) = -7*d**2 - 54*d - 30. Let s be x(-7). Let u(h) = 5*h**2 + 2*h + 1. Let t be u(2). Calculate the greatest common divisor of t and s.
5
Let l be (-4)/(-2)*54/(-8)*-98. What is the greatest common factor of l and 49?
49
Suppose 0 = 48*b - 2705 - 8383. What is the highest common divisor of 385 and b?
77
Let b be 228/44 + 3 + 10/(-55). Let g = -12 - -18. Let a(n) = n - 4. Let f be a(g). What is the highest common factor of f and b?
2
Suppose 5*c - c = 28. Let a = 5 + -8. Let y be a/(-6) + 13/2. Calculate the highest common factor of y and c.
7
Suppose 0 = 4*f + 7*f + 44. Let p(a) = 3*a**2 - 9*a - 12. Let j be p(f). What is the greatest common divisor of j and 96?
24
Let z = 4 + 101. Let u = -20 + z. What is the highest common factor of u and 34?
17
Suppose 1385 - 3849 = -16*g. Let o be (-6)/(-21) + 152/7. What is the greatest common factor of g and o?
22
Suppose 16 = 4*j + 4. Suppose 0*b - j*b - 2*g + 98 = 0, 0 = -2*b + g + 77. Suppose -3*c + b = 3. Calculate the highest common divisor of 44 and c.
11
Suppose 2*h + u + 3*u - 80 = 0, 3*h - 2*u - 88 = 0. Let x be (-1)/(-15) - 3213/(-405). What is the greatest common factor of h and x?
8
Let f = 6 + -5. Let r be 1 - (-12 + f + 0). Let i(t) = t**3 - 8*t**2 + 15*t - 12. Let d be i(6). Calculate the greatest common divisor of r and d.
6
Suppose 5*j - 1035 = -2*z - 2*z, 3*z = -5*j + 1035. What is the highest common divisor of j and 69?
69
Let l be (-160)/(-6)*3/2. Let k = 73 + -65. What is the greatest common factor of k and l?
8
Let z be (0 - 9) + (26 - 10). Suppose l - 84 = -2*l. What is the greatest common factor of z and l?
7
Let f = 83 + -74. Suppose -231 - f = -8*r. What is the highest common divisor of r and 150?
30
Suppose -24*b = -25*b. Suppose 3*s - s = d - 3, b = -4*d - 3*s + 45. What is the highest common divisor of d and 6?
3
Let x(l) = 45*l + 1. Let h be x(2). Let d = -42 + h. Suppose 25 = j - d. What is the greatest common divisor of 37 and j?
37
Suppose 1565 = 3*v + n, 0 = -2*v + v + 2*n + 510. Calculate the greatest common factor of 20 and v.
20
Let u(q) = -18 - q + 4 + 4*q - 1. Let i be u(6). What is the greatest common factor of 12 and i?
3
Let o(w) = -12*w**3 - 2*w**2 - 2*w + 3. Let l be o(1). Let z be 68 - ((-3 - l) + -5). What is the greatest common factor of z and 18?
9
Let k = 64 - 12. Let j = 7 - k. Let i = -22 - j. Calculate the highest common divisor of i and 253.
23
Suppose 4*w - 434 - 486 = 0. What is the highest common factor of w and 30?
10
Let m(r) = 96*r - 15. Let j be m(5). What is the highest common factor of 31 and j?
31
Let n(p) = 9*p**2 + 3*p + 1. Let h be n(-2). Suppose h = 3*w - 32. Let l = 8 + -5. What is the highest common factor of l and w?
3
Let r be ((-12)/(-9) + -2)/(10/(-2145)). Calculate the greatest common divisor of 11 and r.
11
Let w be (4/8)/((-2019)/(-504) + -4). Calculate the highest common divisor of 63 and w.
21
Suppose -29 + 6 = -2*f + 3*b, 5*b + 22 = f. Let k(j) = -j**3 + 9*j**2 + 3*j - 25. Let u be k(8). What is the greatest common divisor of f and u?
7
Let z(p) = 15*p - 25. Let s be z(4). Suppose -4*h = -0*h + 3*w - s, -3*h - 5*w + 29 = 0. Calculate the greatest common divisor of h and 40.
8
Let q be (-4)/(-6) + 4/3. Suppose 0 = -4*u - 20, -q*d + 2*u - 3*u + 45 = 0. Suppose -8 - d = -3*v. Calculate the highest common divisor of 44 and v.
11
Let h(g) = -g**2 - 2*g + 138. Let k be h(10). Let t(a) = 25*a - 3. Let q be t(3). Calculate the highest common divisor of k and q.
18
Let p(n) = 106*n + 4. Let b(s) = -107*s - 4. Let g(r) = 5*b(r) + 6*p(r). Let q be g(1). What is the highest common factor of q and 42?
21
Let n = -21 - -57. Suppose n*y = 44*y - 336. Calculate the highest common factor of 42 and y.
42
Let a = 61 - 34. Let x = 84 - 81. Let f be x*(-3 - (-2 - 2)). Calculate the greatest common factor of a and f.
3
Let g(q) = -q**2 + 11*q + 33. Let z be g(14). Let m(i) = -2*i - 12. Let w be m(z). Calculate the greatest common factor of w and 42.
6
Suppose -4*t = -2*i + 10, 1 - 5 = -2*t. Let n be ((-27)/5)/(i/(-30)). Calculate the greatest common div